e factors of 1989179088.
2, 3, 13, 3187787
What are the prime factors of 256960077?
3, 11, 137, 5167
List the prime factors of 3075148898.
2, 19, 23, 185183
What are the prime factors of 56324825?
5, 17, 132529
What are the prime factors of 57577289?
7, 11, 313, 2389
What are the prime factors of 696811364?
2, 1009, 172649
What are the prime factors of 133339522?
2, 66669761
What are the prime factors of 41614999?
41614999
List the prime factors of 136576904.
2, 41, 416393
What are the prime factors of 498147853?
7, 71163979
List the prime factors of 58210013.
58210013
List the prime factors of 3256900326.
2, 3, 23, 291367
What are the prime factors of 520509096?
2, 3, 31, 61, 3823
List the prime factors of 4200960819.
3, 11, 19, 41, 163417
What are the prime factors of 219932727?
3, 7, 1496141
List the prime factors of 3433192942.
2, 17, 100976263
What are the prime factors of 35585817?
3, 1033, 11483
List the prime factors of 29835998.
2, 691, 21589
List the prime factors of 2889744400.
2, 5, 37, 195253
List the prime factors of 8340405.
3, 5, 556027
What are the prime factors of 163220505?
3, 5, 7, 37, 42013
What are the prime factors of 136116333?
3, 89, 169933
What are the prime factors of 19342133?
19, 1018007
List the prime factors of 1524238315.
5, 6221, 49003
List the prime factors of 9379538347.
19, 493659913
What are the prime factors of 1749633054?
2, 3, 13, 22431193
What are the prime factors of 34252997?
1049, 32653
List the prime factors of 2865164021.
79, 36267899
What are the prime factors of 167771950?
2, 5, 3355439
What are the prime factors of 102089232?
2, 3, 7, 101279
List the prime factors of 598545747.
3, 22168361
What are the prime factors of 118415976?
2, 3, 7, 704857
List the prime factors of 1013952322.
2, 1973, 256957
What are the prime factors of 155974197?
3, 227, 229037
What are the prime factors of 1820188195?
5, 7, 52005377
List the prime factors of 261640251.
3, 17, 43, 39769
List the prime factors of 3430034657.
7, 113, 4336327
List the prime factors of 58056299.
7, 8293757
What are the prime factors of 796780930?
2, 5, 11, 521, 13903
What are the prime factors of 104677461?
3, 7, 553849
List the prime factors of 69112183.
7, 41, 257, 937
List the prime factors of 4127408488.
2, 7, 73703723
What are the prime factors of 115870313?
13, 113, 78877
What are the prime factors of 13395178?
2, 6697589
List the prime factors of 14267664.
2, 3, 101, 109
List the prime factors of 110821059.
3, 12313451
What are the prime factors of 107815929?
3, 13, 241, 11471
What are the prime factors of 95645275?
5, 11, 347801
List the prime factors of 83628752.
2, 5226797
What are the prime factors of 370849822?
2, 7, 26489273
List the prime factors of 395564686.
2, 11, 19, 946327
What are the prime factors of 380757072?
2, 3, 101, 78539
What are the prime factors of 801647484?
2, 3, 11, 443, 13709
List the prime factors of 1571946.
2, 3, 19, 13789
List the prime factors of 14158194.
2, 3, 331, 7129
What are the prime factors of 4845568405?
5, 751, 1290431
List the prime factors of 231278332.
2, 57819583
List the prime factors of 104368473.
3, 11, 127, 2767
What are the prime factors of 44804212?
2, 499, 22447
What are the prime factors of 7260014?
2, 19, 31, 6163
What are the prime factors of 80638091?
109, 739799
What are the prime factors of 2830408462?
2, 7, 37, 780587
What are the prime factors of 4850115113?
17, 887, 321647
List the prime factors of 9227630861.
3019, 3056519
What are the prime factors of 82549080?
2, 3, 5, 29, 7907
What are the prime factors of 388580851?
83, 4681697
List the prime factors of 3389779131.
3, 103, 10970159
What are the prime factors of 6272016671?
23, 272696377
What are the prime factors of 127806102?
2, 3, 17, 41, 61, 167
List the prime factors of 104013646.
2, 11, 43, 2557
What are the prime factors of 130226938?
2, 443, 146983
What are the prime factors of 51856117?
89, 401, 1453
What are the prime factors of 2793997278?
2, 3, 191, 812681
List the prime factors of 947731528.
2, 107, 409, 2707
List the prime factors of 126615760.
2, 5, 1582697
What are the prime factors of 58038471?
3, 2149573
What are the prime factors of 1509709432?
2, 7, 11, 2450827
List the prime factors of 434752623.
3, 19, 127, 6673
List the prime factors of 797588649.
3, 11, 13, 239, 2593
List the prime factors of 24661854.
2, 3, 7, 53, 1231
List the prime factors of 80978748.
2, 3, 6748229
What are the prime factors of 1620907507?
37, 1373, 31907
What are the prime factors of 253442072?
2, 13, 443, 5501
What are the prime factors of 144245934?
2, 3, 7, 131, 971
What are the prime factors of 118317590?
2, 5, 11831759
What are the prime factors of 53145190?
2, 5, 7, 101, 7517
What are the prime factors of 126052525?
5, 37, 136273
What are the prime factors of 211902865?
5, 241, 175853
What are the prime factors of 5131243172?
2, 11, 116619163
List the prime factors of 7214939.
23, 29, 373
List the prime factors of 1696587877.
1696587877
What are the prime factors of 161881782?
2, 3, 67, 402691
List the prime factors of 578033942.
2, 659, 438569
List the prime factors of 6505323.
3, 11, 17921
List the prime factors of 19801136.
2, 1237571
What are the prime factors of 40593772?
2, 41, 127, 1949
List the prime factors of 1866324500.
2, 5, 3732649
List the prime factors of 50524900.
2, 5, 53, 9533
List the prime factors of 1923756202.
2, 23, 191, 347, 631
What are the prime factors of 2458023837?
3, 10331, 79309
List the prime factors of 73314866.
2, 36657433
What are the prime factors of 1517229445?
5, 73, 4156793
What are the prime factors of 350337922?
2, 11, 19, 29, 28901
What are the prime factors of 379231064?
2, 151, 313933
List the prime factors of 52579826.
2, 13, 2022301
List the prime factors of 257643570.
2, 3, 5, 137, 62687
List the prime factors of 3932120896.
2, 11, 43, 129893
What are the prime factors of 193861039?
491, 394829
List the prime factors of 76468446.
2, 3, 661, 6427
List the prime factors of 560866097.
11, 283, 1489
What are the prime factors of 49675007?
49675007
What are the prime factors of 232401598?
2, 11, 13, 131, 6203
List the prime factors of 165686727.
3, 103, 536203
What are the prime factors of 44063428?
2, 11015857
List the prime factors of 178304672.
2, 7, 13, 61231
What are the prime factors of 4308897?
3, 79, 18181
List the prime factors of 268958541.
3, 643, 139429
List the prime factors of 970445.
5, 7, 17, 233
List the prime factors of 1958997745.
5, 23, 37, 151, 3049
What are the prime factors of 922890173?
19, 48573167
What are the prime factors of 3945554944?
2, 3853081
What are the prime factors of 79864252?
2, 13, 433, 3547
List the prime factors of 112611267.
3, 139, 90017
What are the prime factors of 6637459?
353, 18803
What are the prime factors of 134297401?
7, 131, 137, 1069
What are the prime factors of 763587690?
2, 3, 5, 29, 41, 21407
What are the prime factors of 148628387?
148628387
List the prime factors of 3826766740.
2, 5, 5849, 32713
List the prime factors of 23820232.
2, 2977529
What are the prime factors of 3497575772?
2, 874393943
List the prime factors of 180565469.
7, 67, 385001
What are the prime factors of 430458087?
3, 23, 1223, 5101
What are the prime factors of 66484727?
131, 317, 1601
What are the prime factors of 14438913?
3, 181, 26591
What are the prime factors of 2095190935?
5, 419038187
List the prime factors of 233492160.
2, 3, 5, 11, 22111
List the prime factors of 6300321290.
2, 5, 630032129
What are the prime factors of 226551110?
2, 5, 22655111
List the prime factors of 150744679.
8219, 18341
List the prime factors of 75121006.
2, 2309, 16267
List the prime factors of 47727781.
197, 242273
What are the prime factors of 269507579?
11, 17, 1441217
What are the prime factors of 2426181704?
2, 241, 307, 4099
List the prime factors of 160612476.
2, 3, 13384373
What are the prime factors of 501573231?
3, 55730359
What are the prime factors of 169802221?
19, 29, 31, 9941
What are the prime factors of 2283695359?
11, 59, 131, 26861
List the prime factors of 11256791.
7, 13, 123701
List the prime factors of 259405254.
2, 3, 1601267
List the prime factors of 1191498855.
3, 5, 67, 503, 2357
What are the prime factors of 4415147868?
2, 3, 57